{"id":374,"date":"2015-10-28T14:45:25","date_gmt":"2015-10-28T14:45:25","guid":{"rendered":"http:\/\/candelier.hu\/vw\/wp-content\/uploads\/2015\/10\/vw_rendeles3.png"},"modified":"2015-10-28T14:45:25","modified_gmt":"2015-10-28T14:45:25","slug":"vw_rendeles3","status":"inherit","type":"attachment","link":"https:\/\/vwbonto.hu\/de\/rendeles-uzenet\/vw_rendeles3\/","title":{"rendered":"vw_rendeles3"},"author":1,"featured_media":0,"comment_status":"open","ping_status":"closed","template":"","meta":{"_acf_changed":false},"class_list":["post-374","attachment","type-attachment","status-inherit","hentry"],"acf":[],"yoast_head":"<!-- This site is optimized with the Yoast SEO plugin v26.8 - https:\/\/yoast.com\/product\/yoast-seo-wordpress\/ -->\n<title>vw_rendeles3 - VW-AUDI Bont\u00f3<\/title>\n<meta name=\"robots\" content=\"index, follow, max-snippet:-1, max-image-preview:large, max-video-preview:-1\" \/>\n<link rel=\"canonical\" href=\"https:\/\/vwbonto.hu\/wp-content\/uploads\/2015\/10\/vw_rendeles3.png\" \/>\n<meta property=\"og:locale\" content=\"de_DE\" \/>\n<meta property=\"og:type\" content=\"article\" \/>\n<meta property=\"og:title\" content=\"vw_rendeles3 - VW-AUDI Bont\u00f3\" \/>\n<meta property=\"og:url\" content=\"https:\/\/vwbonto.hu\/wp-content\/uploads\/2015\/10\/vw_rendeles3.png\" \/>\n<meta property=\"og:site_name\" content=\"VW-AUDI Bont\u00f3\" \/>\n<meta property=\"og:image\" content=\"https:\/\/vwbonto.hu\/wp-content\/uploads\/2015\/10\/vw_rendeles3.png\" \/>\n\t<meta property=\"og:image:width\" content=\"121\" \/>\n\t<meta property=\"og:image:height\" content=\"104\" \/>\n\t<meta property=\"og:image:type\" content=\"image\/png\" \/>\n<meta name=\"twitter:card\" content=\"summary_large_image\" \/>\n<script type=\"application\/ld+json\" class=\"yoast-schema-graph\">{\"@context\":\"https:\/\/schema.org\",\"@graph\":[{\"@type\":\"WebPage\",\"@id\":\"https:\/\/vwbonto.hu\/wp-content\/uploads\/2015\/10\/vw_rendeles3.png\",\"url\":\"https:\/\/vwbonto.hu\/wp-content\/uploads\/2015\/10\/vw_rendeles3.png\",\"name\":\"vw_rendeles3 - VW-AUDI Bont\u00f3\",\"isPartOf\":{\"@id\":\"https:\/\/vwbonto.hu\/hu\/#website\"},\"datePublished\":\"2015-10-28T14:45:25+00:00\",\"breadcrumb\":{\"@id\":\"https:\/\/vwbonto.hu\/wp-content\/uploads\/2015\/10\/vw_rendeles3.png#breadcrumb\"},\"inLanguage\":\"de\",\"potentialAction\":[{\"@type\":\"ReadAction\",\"target\":[\"https:\/\/vwbonto.hu\/wp-content\/uploads\/2015\/10\/vw_rendeles3.png\"]}]},{\"@type\":\"BreadcrumbList\",\"@id\":\"https:\/\/vwbonto.hu\/wp-content\/uploads\/2015\/10\/vw_rendeles3.png#breadcrumb\",\"itemListElement\":[{\"@type\":\"ListItem\",\"position\":1,\"name\":\"Home\",\"item\":\"https:\/\/vwbonto.hu\/hu\/\"},{\"@type\":\"ListItem\",\"position\":2,\"name\":\"Rendel\u00e9s \/ \u00dczenet\",\"item\":\"https:\/\/vwbonto.hu\/rendeles-uzenet\/\"},{\"@type\":\"ListItem\",\"position\":3,\"name\":\"vw_rendeles3\"}]},{\"@type\":\"WebSite\",\"@id\":\"https:\/\/vwbonto.hu\/hu\/#website\",\"url\":\"https:\/\/vwbonto.hu\/hu\/\",\"name\":\"VW-AUDI Bont\u00f3\",\"description\":\"Bontott, \u00faj, ut\u00e1ngy\u00e1rtott VW \u00e9s AUDI alkatr\u00e9szek. 1184 Budapest, Lakatos \u00fat 65.\",\"potentialAction\":[{\"@type\":\"SearchAction\",\"target\":{\"@type\":\"EntryPoint\",\"urlTemplate\":\"https:\/\/vwbonto.hu\/hu\/?s={search_term_string}\"},\"query-input\":{\"@type\":\"PropertyValueSpecification\",\"valueRequired\":true,\"valueName\":\"search_term_string\"}}],\"inLanguage\":\"de\"}]}<\/script>\n<!-- \/ Yoast SEO plugin. -->","yoast_head_json":{"title":"vw_rendeles3 - VW-AUDI Bont\u00f3","robots":{"index":"index","follow":"follow","max-snippet":"max-snippet:-1","max-image-preview":"max-image-preview:large","max-video-preview":"max-video-preview:-1"},"canonical":"https:\/\/vwbonto.hu\/wp-content\/uploads\/2015\/10\/vw_rendeles3.png","og_locale":"de_DE","og_type":"article","og_title":"vw_rendeles3 - VW-AUDI Bont\u00f3","og_url":"https:\/\/vwbonto.hu\/wp-content\/uploads\/2015\/10\/vw_rendeles3.png","og_site_name":"VW-AUDI Bont\u00f3","og_image":[{"width":121,"height":104,"url":"https:\/\/vwbonto.hu\/wp-content\/uploads\/2015\/10\/vw_rendeles3.png","type":"image\/png"}],"twitter_card":"summary_large_image","schema":{"@context":"https:\/\/schema.org","@graph":[{"@type":"WebPage","@id":"https:\/\/vwbonto.hu\/wp-content\/uploads\/2015\/10\/vw_rendeles3.png","url":"https:\/\/vwbonto.hu\/wp-content\/uploads\/2015\/10\/vw_rendeles3.png","name":"vw_rendeles3 - VW-AUDI Bont\u00f3","isPartOf":{"@id":"https:\/\/vwbonto.hu\/hu\/#website"},"datePublished":"2015-10-28T14:45:25+00:00","breadcrumb":{"@id":"https:\/\/vwbonto.hu\/wp-content\/uploads\/2015\/10\/vw_rendeles3.png#breadcrumb"},"inLanguage":"de","potentialAction":[{"@type":"ReadAction","target":["https:\/\/vwbonto.hu\/wp-content\/uploads\/2015\/10\/vw_rendeles3.png"]}]},{"@type":"BreadcrumbList","@id":"https:\/\/vwbonto.hu\/wp-content\/uploads\/2015\/10\/vw_rendeles3.png#breadcrumb","itemListElement":[{"@type":"ListItem","position":1,"name":"Home","item":"https:\/\/vwbonto.hu\/hu\/"},{"@type":"ListItem","position":2,"name":"Rendel\u00e9s \/ \u00dczenet","item":"https:\/\/vwbonto.hu\/rendeles-uzenet\/"},{"@type":"ListItem","position":3,"name":"vw_rendeles3"}]},{"@type":"WebSite","@id":"https:\/\/vwbonto.hu\/hu\/#website","url":"https:\/\/vwbonto.hu\/hu\/","name":"VW-AUDI Bont\u00f3","description":"Bontott, \u00faj, ut\u00e1ngy\u00e1rtott VW \u00e9s AUDI alkatr\u00e9szek. 1184 Budapest, Lakatos \u00fat 65.","potentialAction":[{"@type":"SearchAction","target":{"@type":"EntryPoint","urlTemplate":"https:\/\/vwbonto.hu\/hu\/?s={search_term_string}"},"query-input":{"@type":"PropertyValueSpecification","valueRequired":true,"valueName":"search_term_string"}}],"inLanguage":"de"}]}},"description":{"rendered":"<p class=\"attachment\"><a href='https:\/\/vwbonto.hu\/wp-content\/uploads\/2015\/10\/vw_rendeles3.png'><img loading=\"lazy\" decoding=\"async\" width=\"121\" height=\"104\" src=\"https:\/\/vwbonto.hu\/wp-content\/uploads\/2015\/10\/vw_rendeles3.png\" class=\"attachment-medium size-medium\" alt=\"\" srcset=\"https:\/\/vwbonto.hu\/wp-content\/uploads\/2015\/10\/vw_rendeles3.png 121w, https:\/\/vwbonto.hu\/wp-content\/uploads\/2015\/10\/vw_rendeles3-24x21.png 24w, https:\/\/vwbonto.hu\/wp-content\/uploads\/2015\/10\/vw_rendeles3-36x31.png 36w, https:\/\/vwbonto.hu\/wp-content\/uploads\/2015\/10\/vw_rendeles3-48x41.png 48w\" sizes=\"auto, (max-width: 121px) 100vw, 121px\" \/><\/a><\/p>\n"},"caption":{"rendered":""},"alt_text":"","media_type":"image","mime_type":"image\/png","media_details":{"width":121,"height":104,"file":"2015\/10\/vw_rendeles3.png","sizes":{"menu-24x24":{"file":"vw_rendeles3-24x21.png","width":24,"height":21,"mime_type":"image\/png","source_url":"https:\/\/vwbonto.hu\/wp-content\/uploads\/2015\/10\/vw_rendeles3-24x21.png"},"menu-36x36":{"file":"vw_rendeles3-36x31.png","width":36,"height":31,"mime_type":"image\/png","source_url":"https:\/\/vwbonto.hu\/wp-content\/uploads\/2015\/10\/vw_rendeles3-36x31.png"},"menu-48x48":{"file":"vw_rendeles3-48x41.png","width":48,"height":41,"mime_type":"image\/png","source_url":"https:\/\/vwbonto.hu\/wp-content\/uploads\/2015\/10\/vw_rendeles3-48x41.png"},"full":{"file":"vw_rendeles3.png","width":121,"height":104,"mime_type":"image\/png","source_url":"https:\/\/vwbonto.hu\/wp-content\/uploads\/2015\/10\/vw_rendeles3.png"}},"image_meta":{"aperture":0,"credit":"","camera":"","caption":"","created_timestamp":0,"copyright":"","focal_length":0,"iso":0,"shutter_speed":0,"title":"","orientation":0},"ShortPixel":{"type":"lossy","exifKept":"0","date":"2021-04-01 07:40:16","thumbsOpt":0,"thumbsOptList":[],"excludeSizes":[],"retinasOpt":0},"ShortPixelImprovement":"88.12"},"post":69,"source_url":"https:\/\/vwbonto.hu\/wp-content\/uploads\/2015\/10\/vw_rendeles3.png","source_url_webp":"https:\/\/vwbonto.hu\/wp-content\/uploads\/2015\/10\/vw_rendeles3.webp","_links":{"self":[{"href":"https:\/\/vwbonto.hu\/de\/wp-json\/wp\/v2\/media\/374","targetHints":{"allow":["GET"]}}],"collection":[{"href":"https:\/\/vwbonto.hu\/de\/wp-json\/wp\/v2\/media"}],"about":[{"href":"https:\/\/vwbonto.hu\/de\/wp-json\/wp\/v2\/types\/attachment"}],"author":[{"embeddable":true,"href":"https:\/\/vwbonto.hu\/de\/wp-json\/wp\/v2\/users\/1"}],"replies":[{"embeddable":true,"href":"https:\/\/vwbonto.hu\/de\/wp-json\/wp\/v2\/comments?post=374"}]}}

<!-- This site is optimized with the Yoast SEO plugin v26.8 - https://yoast.com/product/yoast-seo-wordpress/ -->
<title>vw_rendeles3 - VW-AUDI Bontó</title>
<meta name="robots" content="index, follow, max-snippet:-1, max-image-preview:large, max-video-preview:-1" />
<link rel="canonical" href="https://vwbonto.hu/wp-content/uploads/2015/10/vw_rendeles3.png" />
<meta property="og:locale" content="de_DE" />
<meta property="og:type" content="article" />
<meta property="og:title" content="vw_rendeles3 - VW-AUDI Bontó" />
<meta property="og:url" content="https://vwbonto.hu/wp-content/uploads/2015/10/vw_rendeles3.png" />
<meta property="og:site_name" content="VW-AUDI Bontó" />
<meta property="og:image" content="https://vwbonto.hu/wp-content/uploads/2015/10/vw_rendeles3.png" />
	<meta property="og:image:width" content="121" />
	<meta property="og:image:height" content="104" />
	<meta property="og:image:type" content="image/png" />
<meta name="twitter:card" content="summary_large_image" />
<script type="application/ld+json" class="yoast-schema-graph">{"@context":"https://schema.org","@graph":[{"@type":"WebPage","@id":"https://vwbonto.hu/wp-content/uploads/2015/10/vw_rendeles3.png","url":"https://vwbonto.hu/wp-content/uploads/2015/10/vw_rendeles3.png","name":"vw_rendeles3 - VW-AUDI Bontó","isPartOf":{"@id":"https://vwbonto.hu/hu/#website"},"datePublished":"2015-10-28T14:45:25+00:00","breadcrumb":{"@id":"https://vwbonto.hu/wp-content/uploads/2015/10/vw_rendeles3.png#breadcrumb"},"inLanguage":"de","potentialAction":[{"@type":"ReadAction","target":["https://vwbonto.hu/wp-content/uploads/2015/10/vw_rendeles3.png"]}]},{"@type":"BreadcrumbList","@id":"https://vwbonto.hu/wp-content/uploads/2015/10/vw_rendeles3.png#breadcrumb","itemListElement":[{"@type":"ListItem","position":1,"name":"Home","item":"https://vwbonto.hu/hu/"},{"@type":"ListItem","position":2,"name":"Rendelés / Üzenet","item":"https://vwbonto.hu/rendeles-uzenet/"},{"@type":"ListItem","position":3,"name":"vw_rendeles3"}]},{"@type":"WebSite","@id":"https://vwbonto.hu/hu/#website","url":"https://vwbonto.hu/hu/","name":"VW-AUDI Bontó","description":"Bontott, új, utángyártott VW és AUDI alkatrészek. 1184 Budapest, Lakatos út 65.","potentialAction":[{"@type":"SearchAction","target":{"@type":"EntryPoint","urlTemplate":"https://vwbonto.hu/hu/?s={search_term_string}"},"query-input":{"@type":"PropertyValueSpecification","valueRequired":true,"valueName":"search_term_string"}}],"inLanguage":"de"}]}</script>
<!-- / Yoast SEO plugin. -->

vw_rendeles3 - VW-AUDI Bontó

VW-AUDI Bontó

Rendelés / Üzenet

Bontott, új, utángyártott VW és AUDI alkatrészek. 1184 Budapest, Lakatos út 65.
