{"id":20353,"date":"2020-01-13T13:09:20","date_gmt":"2020-01-13T13:09:20","guid":{"rendered":"https:\/\/vwbonto.hu\/wp-content\/uploads\/2020\/01\/\u00daj-sz\u00f6veges-dokumentum-3.txt"},"modified":"2020-01-13T13:09:20","modified_gmt":"2020-01-13T13:09:20","slug":"uj-szoveges-dokumentum-4","status":"inherit","type":"attachment","link":"https:\/\/vwbonto.hu\/de\/agz-2-3-vr5-motorokhoz-fojtoszelep\/uj-szoveges-dokumentum-4\/","title":{"rendered":"\u00daj sz\u00f6veges dokumentum"},"author":2,"featured_media":0,"comment_status":"open","ping_status":"closed","template":"","meta":{"_acf_changed":false},"class_list":["post-20353","attachment","type-attachment","status-inherit","hentry"],"acf":[],"yoast_head":"<!-- This site is optimized with the Yoast SEO plugin v26.8 - https:\/\/yoast.com\/product\/yoast-seo-wordpress\/ -->\n<title>\u00daj sz\u00f6veges dokumentum - VW-AUDI Bont\u00f3<\/title>\n<meta name=\"robots\" content=\"index, follow, max-snippet:-1, max-image-preview:large, max-video-preview:-1\" \/>\n<link rel=\"canonical\" href=\"https:\/\/vwbonto.hu\/wp-content\/uploads\/2020\/01\/\u00daj-sz\u00f6veges-dokumentum-3.txt\" \/>\n<meta property=\"og:locale\" content=\"de_DE\" \/>\n<meta property=\"og:type\" content=\"article\" \/>\n<meta property=\"og:title\" content=\"\u00daj sz\u00f6veges dokumentum - VW-AUDI Bont\u00f3\" \/>\n<meta property=\"og:description\" content=\"\u00daj sz\u00f6veges dokumentum\" \/>\n<meta property=\"og:url\" content=\"https:\/\/vwbonto.hu\/wp-content\/uploads\/2020\/01\/\u00daj-sz\u00f6veges-dokumentum-3.txt\" \/>\n<meta property=\"og:site_name\" content=\"VW-AUDI Bont\u00f3\" \/>\n<meta name=\"twitter:card\" content=\"summary_large_image\" \/>\n<script type=\"application\/ld+json\" class=\"yoast-schema-graph\">{\"@context\":\"https:\/\/schema.org\",\"@graph\":[{\"@type\":\"WebPage\",\"@id\":\"https:\/\/vwbonto.hu\/wp-content\/uploads\/2020\/01\/\u00daj-sz\u00f6veges-dokumentum-3.txt\",\"url\":\"https:\/\/vwbonto.hu\/wp-content\/uploads\/2020\/01\/\u00daj-sz\u00f6veges-dokumentum-3.txt\",\"name\":\"\u00daj sz\u00f6veges dokumentum - VW-AUDI Bont\u00f3\",\"isPartOf\":{\"@id\":\"https:\/\/vwbonto.hu\/hu\/#website\"},\"datePublished\":\"2020-01-13T13:09:20+00:00\",\"breadcrumb\":{\"@id\":\"https:\/\/vwbonto.hu\/wp-content\/uploads\/2020\/01\/\u00daj-sz\u00f6veges-dokumentum-3.txt#breadcrumb\"},\"inLanguage\":\"de\",\"potentialAction\":[{\"@type\":\"ReadAction\",\"target\":[\"https:\/\/vwbonto.hu\/wp-content\/uploads\/2020\/01\/\u00daj-sz\u00f6veges-dokumentum-3.txt\"]}]},{\"@type\":\"BreadcrumbList\",\"@id\":\"https:\/\/vwbonto.hu\/wp-content\/uploads\/2020\/01\/\u00daj-sz\u00f6veges-dokumentum-3.txt#breadcrumb\",\"itemListElement\":[{\"@type\":\"ListItem\",\"position\":1,\"name\":\"Home\",\"item\":\"https:\/\/vwbonto.hu\/hu\/\"},{\"@type\":\"ListItem\",\"position\":2,\"name\":\"VW 2.3 VR5 Fojt\u00f3szelep\",\"item\":\"https:\/\/vwbonto.hu\/hu\/agz-2-3-vr5-motorokhoz-fojtoszelep\/\"},{\"@type\":\"ListItem\",\"position\":3,\"name\":\"\u00daj sz\u00f6veges dokumentum\"}]},{\"@type\":\"WebSite\",\"@id\":\"https:\/\/vwbonto.hu\/hu\/#website\",\"url\":\"https:\/\/vwbonto.hu\/hu\/\",\"name\":\"VW-AUDI Bont\u00f3\",\"description\":\"Bontott, \u00faj, ut\u00e1ngy\u00e1rtott VW \u00e9s AUDI alkatr\u00e9szek. 1184 Budapest, Lakatos \u00fat 65.\",\"potentialAction\":[{\"@type\":\"SearchAction\",\"target\":{\"@type\":\"EntryPoint\",\"urlTemplate\":\"https:\/\/vwbonto.hu\/hu\/?s={search_term_string}\"},\"query-input\":{\"@type\":\"PropertyValueSpecification\",\"valueRequired\":true,\"valueName\":\"search_term_string\"}}],\"inLanguage\":\"de\"}]}<\/script>\n<!-- \/ Yoast SEO plugin. -->","yoast_head_json":{"title":"\u00daj sz\u00f6veges dokumentum - VW-AUDI Bont\u00f3","robots":{"index":"index","follow":"follow","max-snippet":"max-snippet:-1","max-image-preview":"max-image-preview:large","max-video-preview":"max-video-preview:-1"},"canonical":"https:\/\/vwbonto.hu\/wp-content\/uploads\/2020\/01\/\u00daj-sz\u00f6veges-dokumentum-3.txt","og_locale":"de_DE","og_type":"article","og_title":"\u00daj sz\u00f6veges dokumentum - VW-AUDI Bont\u00f3","og_description":"\u00daj sz\u00f6veges dokumentum","og_url":"https:\/\/vwbonto.hu\/wp-content\/uploads\/2020\/01\/\u00daj-sz\u00f6veges-dokumentum-3.txt","og_site_name":"VW-AUDI Bont\u00f3","twitter_card":"summary_large_image","schema":{"@context":"https:\/\/schema.org","@graph":[{"@type":"WebPage","@id":"https:\/\/vwbonto.hu\/wp-content\/uploads\/2020\/01\/\u00daj-sz\u00f6veges-dokumentum-3.txt","url":"https:\/\/vwbonto.hu\/wp-content\/uploads\/2020\/01\/\u00daj-sz\u00f6veges-dokumentum-3.txt","name":"\u00daj sz\u00f6veges dokumentum - VW-AUDI Bont\u00f3","isPartOf":{"@id":"https:\/\/vwbonto.hu\/hu\/#website"},"datePublished":"2020-01-13T13:09:20+00:00","breadcrumb":{"@id":"https:\/\/vwbonto.hu\/wp-content\/uploads\/2020\/01\/\u00daj-sz\u00f6veges-dokumentum-3.txt#breadcrumb"},"inLanguage":"de","potentialAction":[{"@type":"ReadAction","target":["https:\/\/vwbonto.hu\/wp-content\/uploads\/2020\/01\/\u00daj-sz\u00f6veges-dokumentum-3.txt"]}]},{"@type":"BreadcrumbList","@id":"https:\/\/vwbonto.hu\/wp-content\/uploads\/2020\/01\/\u00daj-sz\u00f6veges-dokumentum-3.txt#breadcrumb","itemListElement":[{"@type":"ListItem","position":1,"name":"Home","item":"https:\/\/vwbonto.hu\/hu\/"},{"@type":"ListItem","position":2,"name":"VW 2.3 VR5 Fojt\u00f3szelep","item":"https:\/\/vwbonto.hu\/hu\/agz-2-3-vr5-motorokhoz-fojtoszelep\/"},{"@type":"ListItem","position":3,"name":"\u00daj sz\u00f6veges dokumentum"}]},{"@type":"WebSite","@id":"https:\/\/vwbonto.hu\/hu\/#website","url":"https:\/\/vwbonto.hu\/hu\/","name":"VW-AUDI Bont\u00f3","description":"Bontott, \u00faj, ut\u00e1ngy\u00e1rtott VW \u00e9s AUDI alkatr\u00e9szek. 1184 Budapest, Lakatos \u00fat 65.","potentialAction":[{"@type":"SearchAction","target":{"@type":"EntryPoint","urlTemplate":"https:\/\/vwbonto.hu\/hu\/?s={search_term_string}"},"query-input":{"@type":"PropertyValueSpecification","valueRequired":true,"valueName":"search_term_string"}}],"inLanguage":"de"}]}},"description":{"rendered":"<p class=\"attachment\"><a href='https:\/\/vwbonto.hu\/wp-content\/uploads\/2020\/01\/\u00daj-sz\u00f6veges-dokumentum-3.txt'>\u00daj sz\u00f6veges dokumentum<\/a><\/p>\n"},"caption":{"rendered":"<p>\u00daj sz\u00f6veges dokumentum<\/p>\n"},"alt_text":"","media_type":"file","mime_type":"text\/plain","media_details":{},"post":20332,"source_url":"https:\/\/vwbonto.hu\/wp-content\/uploads\/2020\/01\/\u00daj-sz\u00f6veges-dokumentum-3.txt","_links":{"self":[{"href":"https:\/\/vwbonto.hu\/de\/wp-json\/wp\/v2\/media\/20353","targetHints":{"allow":["GET"]}}],"collection":[{"href":"https:\/\/vwbonto.hu\/de\/wp-json\/wp\/v2\/media"}],"about":[{"href":"https:\/\/vwbonto.hu\/de\/wp-json\/wp\/v2\/types\/attachment"}],"author":[{"embeddable":true,"href":"https:\/\/vwbonto.hu\/de\/wp-json\/wp\/v2\/users\/2"}],"replies":[{"embeddable":true,"href":"https:\/\/vwbonto.hu\/de\/wp-json\/wp\/v2\/comments?post=20353"}]}}

https://vwbonto.hu/wp-content/uploads/2020/01/Új-szöveges-dokumentum-3.txt

Új szöveges dokumentum

<!-- This site is optimized with the Yoast SEO plugin v26.8 - https://yoast.com/product/yoast-seo-wordpress/ -->
<title>Új szöveges dokumentum - VW-AUDI Bontó</title>
<meta name="robots" content="index, follow, max-snippet:-1, max-image-preview:large, max-video-preview:-1" />
<link rel="canonical" href="https://vwbonto.hu/wp-content/uploads/2020/01/Új-szöveges-dokumentum-3.txt" />
<meta property="og:locale" content="de_DE" />
<meta property="og:type" content="article" />
<meta property="og:title" content="Új szöveges dokumentum - VW-AUDI Bontó" />
<meta property="og:description" content="Új szöveges dokumentum" />
<meta property="og:url" content="https://vwbonto.hu/wp-content/uploads/2020/01/Új-szöveges-dokumentum-3.txt" />
<meta property="og:site_name" content="VW-AUDI Bontó" />
<meta name="twitter:card" content="summary_large_image" />
<script type="application/ld+json" class="yoast-schema-graph">{"@context":"https://schema.org","@graph":[{"@type":"WebPage","@id":"https://vwbonto.hu/wp-content/uploads/2020/01/Új-szöveges-dokumentum-3.txt","url":"https://vwbonto.hu/wp-content/uploads/2020/01/Új-szöveges-dokumentum-3.txt","name":"Új szöveges dokumentum - VW-AUDI Bontó","isPartOf":{"@id":"https://vwbonto.hu/hu/#website"},"datePublished":"2020-01-13T13:09:20+00:00","breadcrumb":{"@id":"https://vwbonto.hu/wp-content/uploads/2020/01/Új-szöveges-dokumentum-3.txt#breadcrumb"},"inLanguage":"de","potentialAction":[{"@type":"ReadAction","target":["https://vwbonto.hu/wp-content/uploads/2020/01/Új-szöveges-dokumentum-3.txt"]}]},{"@type":"BreadcrumbList","@id":"https://vwbonto.hu/wp-content/uploads/2020/01/Új-szöveges-dokumentum-3.txt#breadcrumb","itemListElement":[{"@type":"ListItem","position":1,"name":"Home","item":"https://vwbonto.hu/hu/"},{"@type":"ListItem","position":2,"name":"VW 2.3 VR5 Fojtószelep","item":"https://vwbonto.hu/hu/agz-2-3-vr5-motorokhoz-fojtoszelep/"},{"@type":"ListItem","position":3,"name":"Új szöveges dokumentum"}]},{"@type":"WebSite","@id":"https://vwbonto.hu/hu/#website","url":"https://vwbonto.hu/hu/","name":"VW-AUDI Bontó","description":"Bontott, új, utángyártott VW és AUDI alkatrészek. 1184 Budapest, Lakatos út 65.","potentialAction":[{"@type":"SearchAction","target":{"@type":"EntryPoint","urlTemplate":"https://vwbonto.hu/hu/?s={search_term_string}"},"query-input":{"@type":"PropertyValueSpecification","valueRequired":true,"valueName":"search_term_string"}}],"inLanguage":"de"}]}</script>
<!-- / Yoast SEO plugin. -->

Új szöveges dokumentum - VW-AUDI Bontó

VW-AUDI Bontó

https://vwbonto.hu/wp-content/uploads/2020/01/Új-szöveges-dokumentum-3.txt#breadcrumb

VW 2.3 VR5 Fojtószelep

Bontott, új, utángyártott VW és AUDI alkatrészek. 1184 Budapest, Lakatos út 65.

<p class="attachment"><a href='https://vwbonto.hu/wp-content/uploads/2020/01/Új-szöveges-dokumentum-3.txt'>Új szöveges dokumentum</a></p>

<p>Új szöveges dokumentum</p>
